 Determine o(r).
-10
Let a(t) be the third derivative of t**8/6720 - t**7/420 + t**6/240 - 7*t**5/120 + t**4/12 + 2*t**2. Let z(l) be the second derivative of a(l). What is z(6)?
11
Suppose 4*b + 0 = 12. Let m(a) = a**3 - 5*a**2 + 2*a + 1. Calculate m(b).
-11
Let m(q) be the first derivative of 0*q**2 - q + 1 - 11/3*q**3. Determine m(1).
-12
Suppose 6 = -2*z - 2. Let f(l) = -8*l**2 + 3*l + 9. Let i(v) = -11*v**2 + 2*v + 10. Let u(m) = -4*f(m) + 3*i(m). Determine u(z).
2
Let k(d) = 18*d + 3. Let o(g) = -g. Let w(i) = k(i) + 15*o(i). What is w(-4)?
-9
Let p(y) = -y**2 - 12*y - 1. Let s(b) = -4*b. Let h(v) = 2*p(v) - 7*s(v). Give h(2).
-2
Let t(l) = -l**2 + 7*l - 4. Let n = -49 + 69. Suppose 0 = -a + 5*a - n. Calculate t(a).
6
Let b(w) = w + 4. Let m be 0/(-2) - 2/(-1). Let q(r) = -r - 4. Let t(o) = m*b(o) + 3*q(o). Calculate t(4).
-8
Let q be 18/4*(-14)/21. Let j(d) = -2*d**2 - d - 4. Let g(b) = -b**2 - b. Let t(z) = -3*g(z) + j(z). Calculate t(q).
-1
Let o(q) be the second derivative of q**3/3 + 3*q**2/2 - 6*q. Determine o(3).
9
Let u(d) = 7*d**2 + 1. Let f(m) = m - 4. Let x be f(6). Suppose -x - 1 = 3*o. What is u(o)?
8
Suppose 0 = -d - 4*d + 25. Let r(t) be the first derivative of 2*t - 2*t**2 + 0*t + t**2 - d*t + 1. Determine r(-5).
7
Let h(n) = n + n**2 - 2*n**2 - 2*n. Let w be h(-1). Suppose 3*p - 2 - 1 = w. Let l(c) = -2*c**3 - 2*c**2 + 1. What is l(p)?
-3
Let l be -1 + 2/(6/15). Suppose -2*a + 4*b = 8, -5*a + l*b + 4 = 12. Let u(c) = c**2 - c + 7. Let k(y) = -y**2 + y - 8. Let q(z) = -3*k(z) - 4*u(z). Give q(a).
-4
Suppose -5*d + 8 = -d. Let v(p) = -9*p**2 + d*p**2 + 6*p**2 + 7*p + 3 - 1. What is v(6)?
8
Let g = 2 + 0. Let x = 13 - 11. Suppose -g*n + 4*n = x. Let i(t) = 3*t**2 - 1. Determine i(n).
2
Let x(r) = r**3 + 4*r**2 + 3*r + 4. Let d = -107 - -104. Calculate x(d).
4
Let l(k) = 0*k - 7*k + 2*k - 3 + k**2. Let d(p) = p + 5. Let c be d(0). What is l(c)?
-3
Let x(g) = -23*g**2 + 32*g - 29. Let p(o) = -8*o**2 + 11*o - 10. Let a be (2 - 7/2)*-4. Let v(c) = a*x(c) - 17*p(c). Let m be 12/10*(-10)/(-4). Determine v(m).
-7
Let r(z) = 3*z - 1. Let i(p) = -p**3 + 8*p**2 - p + 6. Let v(d) = -d + 1. Let y be v(-7). Let x be i(y). Determine r(x).
-7
Suppose -3*n = -4*n + 5. Suppose -n*r = -4*r - 2. Let i(g) = g - 2*g + r*g + 10 - g**2. Give i(0).
10
Let u(z) = -11*z**3 + 7*z**2 + 5*z + 5. Let b(x) = -16*x**3 + 11*x**2 + 8*x + 8. Let o(s) = -5*b(s) + 8*u(s). Calculate o(-1).
9
Let v(o) be the second derivative of o**4/12 + o**3/3 - o**2/2 - 27*o. Suppose 5*n + 20 = x + 3*x, 0 = x. What is v(n)?
7
Suppose -30 = 3*n - 4*d, 4*n - 3*d + 27 = -2*d. Let u = n - -11. Let a(p) = -2*p + 4. Give a(u).
-6
Let z(c) = 0*c + 5*c + 0*c - 3*c - 4. Give z(3).
2
Suppose 3*i = 6*y - 3*y + 6, -2*y = -i + 4. Suppose -5*p = -i*p. Let r(t) = t**3 - t - 6. Calculate r(p).
-6
Let i(u) = -u**2 + u**2 - 2*u**2. Suppose 2*f - 2 = -0. Determine i(f).
-2
Let w = -1 + -5. Let a(r) = r + 7. Let q be a(w). Let i(z) be the second derivative of z**5/4 + z**4/12 - z**3/6 - 5*z + 4. Calculate i(q).
5
Suppose 0*c = -2*c + 4. Let m = 6 + -4. Suppose c*o + m = -4. Let j(q) = 2*q - 1. What is j(o)?
-7
Let i(s) = s. Suppose 3*t - c + 5*c = 46, -2*t - 4*c = -32. Let y be 112/(-18) - t/(-63). Determine i(y).
-6
Let d(g) = g - 7. Let n(a) = -a**2 - a + 5. Let k be n(0). Suppose 0 = 2*f - f - k. Determine d(f).
-2
Let f(y) = -y**2 - 5*y. Let h be ((-3)/5)/((-6)/210). Suppose 1 - h = 4*m. Give f(m).
0
Let f(g) be the second derivative of -1/2*g**2 + 1/6*g**3 + 5/6*g**4 + 0 - g. Suppose 0 = -2*l + 2. Calculate f(l).
10
Let u be 52/(-24) - 1/(-6) - -8. Let l(g) = -2*g - 3. Calculate l(u).
-15
Let j(s) = s**3 + 9*s**2 + 8*s - 4. Let l be j(-8). Let i(g) = g. What is i(l)?
-4
Let a(y) = 2 - 4 + 2*y + 1 + 0. Determine a(3).
5
Let i = -23 - -13. Let l = -7 - i. Suppose -2*a + 7 = m - 4, 4*m - l*a = 11. Let t(h) = h - 10. What is t(m)?
-5
Let p(z) = -z**2 - 4*z. Suppose 0 = -o - 5*c - 13, 3*o - 5*c + 17 = -2. Let k be o/(-5) + (-4)/(-10). Suppose 2*n + 20 = -k*n. What is p(n)?
-5
Suppose 4*t - 8 = q - 0, 0 = 3*q. Let s(i) = 113*i + 2 - 116*i - 2 + 2. Calculate s(t).
-4
Let k = 1 + -4. Let c = k + 3. Let x(q) = q**2 + q - 6. What is x(c)?
-6
Let j(a) = 1 + 2*a - 2*a - a. Let l(b) = -3*b + 2. Let i(s) = 8*j(s) - 3*l(s). Calculate i(3).
5
Let c(i) = i**2 + i. Let y(s) = s**3 + 4*s**2 + 7*s. Let f(h) = 6*c(h) - y(h). Determine f(1).
0
Let u(y) = -y**3 - 2*y**2 + y - 4. Let r(p) = p**2 + p - 2. Let a be r(2). Suppose 12 = -a*o - 2*w, 5*o + 11 = -w - 4. Give u(o).
2
Suppose -g + 4*g = -15. Let s = -6 - -8. Let c(y) = 0*y**2 - s*y**2 + y**2 - 6*y + 1. What is c(g)?
6
Let n(t) = 3 - 4 + 0*t**3 - 2*t**3. Let b(s) = -30*s - 89. Let v be b(-3). What is n(v)?
-3
Let q = -3 - -5. Let i(m) = -m**3 + 2*m**2 + m - 1. Let x be i(q). Let p(h) = -7*h - 40 + 11 + 28. Determine p(x).
-8
Suppose 5*p = -0*p + 15. Let m(k) be the second derivative of -k - 1/2*k**2 + 1/6*k**p + 0. Calculate m(-4).
-5
Let t be ((-57)/95)/((-1)/5). Let w(c) = 7*c**3 - 5*c - 5 - 9*c**t + 3*c**3 + 4*c**2. Suppose 2*h + 25 = -3*h. Give w(h).
-5
Let f be (16/4)/((-2)/(-4)). Let h(g) = -g + 7. Determine h(f).
-1
Let i(v) = -3*v + 2. Let r be 4/22 + 4/(-22). Suppose -2*y - 1 - 5 = r. Give i(y).
11
Let f = -126 - -122. Let t(c) = 4*c + 6. Calculate t(f).
-10
Let v(b) = b**3 - 3*b**2 + b + 4. Let h(d) = d**2 - 7*d + 9. Let x be (-6)/(-3)*(-5)/(-10). Let m be -7*(x - (-26)/(-14)). Let u be h(m). Give v(u).
7
Let w(l) = -l**2 - 101*l + 0*l**2 - 2 + 103*l. Calculate w(2).
-2
Let c(q) = 1 + q**2 + 3*q**2 + 9*q + 2. Let p(i) = 3*i**2 + 8*i + 4. Let o(z) = -4*c(z) + 5*p(z). What is o(6)?
-4
Let l(a) = -a**3 + 6 + 4*a**2 - 3*a**3 - 5*a + 4*a**3 + a**3. Give l(-5).
6
Let a = -2 - -13. Let t(f) = -f + f + f + f**2 + 8 - a. Determine t(0).
-3
Let t(k) = k**3 + 6. Let v be (-2 - -1)*(-3 + 4). Let b(a) = -a - 1. Let q be b(v). Give t(q).
6
Let f(y) = 0*y + 0*y - 3*y + 0*y**2 - 4*y**2. Determine f(-2).
-10
Let p(d) = d - 6. Let r be p(7). Let a(l) = -r - 1 + 2 - l**3. What is a(2)?
-8
Let j(c) be the first derivative of -1/4*c**4 + 3 - 3/2*c**2 + 2/3*c**3 + 2*c. Determine j(2).
-4
Let d(h) = h**2 - 5*h - 4. Let b be d(5). Let q(m) = -1 - 2 - 3 - m**2 - 6*m. What is q(b)?
2
Let f(j) = -j**3 + 6*j**2 + 3*j - 4. Let i(b) = -b**2 + 7*b. Let y be i(6). Determine f(y).
14
Let s(n) = n**2 - 3*n - 5. Let h = -3 - -1. Let c be s(h). Let x(j) be the third derivative of j**5/60 - j**4/6 + j**3/6 - j**2. What is x(c)?
6
Let a(d) be the second derivative of -d**4/12 + 5*d**3/6 - 3*d**2/2 - 9*d. What is a(6)?
-9
Let f(c) = -c**3 + c**2 + c - 2. Let o(a) = -a**3 + 6*a**2 + 7*a - 2. Let w be o(7). Give f(w).
8
Let x(i) = 4 - 9 + 44*i - 46*i. Determine x(-4).
3
Let l(y) = -y**3 - y**2 - 2*y - 1. Let p(d) = -d**2 - 2*d - 1. Let u be p(-2). Give l(u).
1
Suppose 9*i - 14*i + 5 = 0. Let n(c) = c**2 - c - 1. Determine n(i).
-1
Let r(x) = 16*x**2 - 7*x - 28*x**2 - 1 + 11*x**2. Calculate r(-7).
-1
Suppose -30*y - 35 = -25*y. Let j(q) = q**2 + 7*q + 6. What is j(y)?
6
Let o(b) = -b**2 - 2*b. Let v be o(-1). Let x = 3 - v. Suppose 3*f + 4 + x = 0. Let s(h) = -h**2 - h + 1. Calculate s(f).
-1
Let g(h) = -h - 2. Let w be g(-4). Let a(l) = -3 + w*l - l - 2*l. Give a(0).
-3
Let z(d) = 4*d - d**2 + 2 - 4*d + 8*d. What is z(6)?
14
Let u(j) = -2*j**2 - 4*j - 2. Let i = 7 + -9. Calculate u(i).
-2
Let g(a) = -a + 5. Let p be (2 + -2)*3/(-6). Suppose p = -3*t - t + 20. Suppose -s = -6*s + z + t, -3*s - 3*z - 15 = 0. Determine g(s).
5
Let q(c) be the second derivative of -c**5/20 + 5*c**4/12 - c**3/6 + 3*c**2 - 5*c. Calculate q(5).
1
Let i(q) = -q + 1. Suppose 0 = -4*r + 2*r + 10. Suppose 4*l - l = 24. Suppose 0 = 2*j - n + 11, 4*n = r*j + l*n + 8. What is i(j)?
5
Let f(c) = 0 + 4 + 3*c + 4*c**2 - 3*c**2. Let r(t) = -17 - 4*t**2 + 0*t**2 - 15*t + 4*t. Let x(s) = 9*f(s) + 2*r(s). Determine x(-5).
2
Let t(h) = -3*h**3 + h**2 - 9*h + 10. Let p(u) be the first derivative of -u**4/4 + u**3/3 - 2*u**2 + 5*u - 3. Let l(k) = -5*p(k) + 2*t(k). What is l(-4)?
3
Let k(i) = 19*i - 1. Let n = 23 - 22. Determine k(n).
18
Suppose 5*x = -2*r + 30, 5*r + 4*x = x + 37. Let p(i) = 20*i**2 - 20*i + 13. Let d(j) = 7*j**2 - 7*j + 5. Let o(q) = 17*d(q) - 6*p(q). Determine o(r).
-13
Let g(h) be the third derivative of